{"id":4050,"date":"2023-06-12T16:51:25","date_gmt":"2023-06-12T14:51:25","guid":{"rendered":"https:\/\/auslaenderaemter.com\/?page_id=4050"},"modified":"2023-06-12T16:51:25","modified_gmt":"2023-06-12T14:51:25","slug":"abschiebung","status":"publish","type":"page","link":"https:\/\/auslaenderaemter.com\/pt\/deportacao\/","title":{"rendered":"deporta\u00e7\u00e3o"},"content":{"rendered":"<p>A deporta\u00e7\u00e3o \u00e9 uma parte importante da lei de imigra\u00e7\u00e3o alem\u00e3 e tem um impacto significativo na vida das pessoas afetadas.<\/p>\n<h2>O que \u00e9 uma deporta\u00e7\u00e3o?<\/h2>\n<p>A deporta\u00e7\u00e3o \u00e9 um ato administrativo pelo qual um estrangeiro em situa\u00e7\u00e3o irregular na Alemanha ou cuja perman\u00eancia legal tenha terminado \u00e9 for\u00e7ado a deixar o pa\u00eds. A deporta\u00e7\u00e3o ser\u00e1 realizada pelo <a href=\"https:\/\/auslaenderaemter.com\/pt\/\">Autoridade de estrangeiros<\/a> ordenado e executado pela pol\u00edcia.<\/p>\n<h2>O processo de deporta\u00e7\u00e3o<\/h2>\n<p>O processo de deporta\u00e7\u00e3o segue algumas etapas:<\/p>\n<ol>\n<li><strong>Decis\u00e3o de expuls\u00e3o ou indeferimento do pedido de asilo:<\/strong> Antes da deporta\u00e7\u00e3o, uma decis\u00e3o de expuls\u00e3o deve ter sido tomada ou um pedido de asilo rejeitado.<\/li>\n<li><strong>ordem de deporta\u00e7\u00e3o:<\/strong> A autoridade de estrangeiros emite uma ordem de expuls\u00e3o em que o interessado \u00e9 convidado a deixar o pa\u00eds dentro de um determinado per\u00edodo de tempo.<\/li>\n<li><strong>Implementa\u00e7\u00e3o da deporta\u00e7\u00e3o:<\/strong> Se o interessado n\u00e3o sair do pa\u00eds dentro do prazo estabelecido, a pol\u00edcia pode proceder \u00e0 deporta\u00e7\u00e3o.<\/li>\n<\/ol>\n<h2>consequ\u00eancias da deporta\u00e7\u00e3o<\/h2>\n<p>Uma deporta\u00e7\u00e3o tem consequ\u00eancias significativas para a pessoa em quest\u00e3o:<\/p>\n<ol>\n<li><strong>Proibi\u00e7\u00e3o de devolu\u00e7\u00e3o:<\/strong> Como regra, uma proibi\u00e7\u00e3o de entrada e resid\u00eancia \u00e9 emitida juntamente com a deporta\u00e7\u00e3o. Isso significa que a pessoa deportada n\u00e3o pode retornar \u00e0 Alemanha por um determinado per\u00edodo de tempo.<\/li>\n<li><strong>Custos de deporta\u00e7\u00e3o:<\/strong> Em regra, os custos da deporta\u00e7\u00e3o devem ser suportados pelo deportado.<\/li>\n<li><strong>Efeitos sociais e psicol\u00f3gicos:<\/strong> A deporta\u00e7\u00e3o pode ter um impacto social e psicol\u00f3gico significativo na pessoa em quest\u00e3o, especialmente se ela estiver radicada na Alemanha ou tiver que retornar ao seu pa\u00eds de origem, onde poder\u00e1 enfrentar persegui\u00e7\u00f5es ou priva\u00e7\u00f5es.<\/li>\n<\/ol>\n<h2>Conclus\u00e3o<\/h2>\n<p>A deporta\u00e7\u00e3o \u00e9 um meio eficaz de garantir o cumprimento da lei de imigra\u00e7\u00e3o alem\u00e3. Ao mesmo tempo, tem um impacto significativo sobre os indiv\u00edduos envolvidos. Portanto, \u00e9 importante que os estrangeiros residentes na Alemanha conhe\u00e7am seus direitos e obriga\u00e7\u00f5es e procurem aconselhamento jur\u00eddico, se necess\u00e1rio.<\/p>","protected":false},"excerpt":{"rendered":"<p>A deporta\u00e7\u00e3o \u00e9 uma parte importante da lei de imigra\u00e7\u00e3o alem\u00e3 e tem um impacto significativo na vida das pessoas afetadas. O que \u00e9 deporta\u00e7\u00e3o? A deporta\u00e7\u00e3o \u00e9 um ato administrativo em que um estrangeiro que se encontra ilegalmente na Alemanha ou cuja perman\u00eancia legal foi encerrada \u00e9 for\u00e7ado a deixar o pa\u00eds. A deporta\u00e7\u00e3o \u00e9 realizada pelo\u2026&nbsp;<a href=\"https:\/\/auslaenderaemter.com\/pt\/deportacao\/\" rel=\"bookmark\">Leia mais \u00bb<span class=\"screen-reader-text\">deporta\u00e7\u00e3o<\/span><\/a><\/p>","protected":false},"author":1,"featured_media":9,"parent":0,"menu_order":0,"comment_status":"closed","ping_status":"closed","template":"","meta":{"neve_meta_sidebar":"","neve_meta_container":"","neve_meta_enable_content_width":"off","neve_meta_content_width":100,"neve_meta_title_alignment":"","neve_meta_author_avatar":"","neve_post_elements_order":"","neve_meta_disable_header":"","neve_meta_disable_footer":"","neve_meta_disable_title":"","neve_meta_reading_time":"","footnotes":""},"class_list":["post-4050","page","type-page","status-publish","has-post-thumbnail","hentry"],"yoast_head":"<!-- This site is optimized with the Yoast SEO plugin v27.5 - https:\/\/yoast.com\/product\/yoast-seo-wordpress\/ -->\n<title>Abschiebung- Bedeutung, Prozess und Folgen.<\/title>\n<meta name=\"description\" content=\"Lernen Sie die Abschiebung im deutschen Ausl\u00e4nderrecht kennen: Definition, Prozess und die erheblichen Auswirkungen auf Betroffene.\" \/>\n<meta name=\"robots\" content=\"index, follow, max-snippet:-1, max-image-preview:large, max-video-preview:-1\" \/>\n<link rel=\"canonical\" href=\"https:\/\/auslaenderaemter.com\/pt\/deportacao\/\" \/>\n<meta property=\"og:locale\" content=\"pt_PT\" \/>\n<meta property=\"og:type\" content=\"article\" \/>\n<meta property=\"og:title\" content=\"Abschiebung- Bedeutung, Prozess und Folgen.\" \/>\n<meta property=\"og:description\" content=\"Lernen Sie die Abschiebung im deutschen Ausl\u00e4nderrecht kennen: Definition, Prozess und die erheblichen Auswirkungen auf Betroffene.\" \/>\n<meta property=\"og:url\" content=\"https:\/\/auslaenderaemter.com\/pt\/deportacao\/\" \/>\n<meta property=\"og:site_name\" content=\"auslaenderaemter.com\" \/>\n<meta property=\"og:image\" content=\"https:\/\/auslaenderaemter.com\/wp-content\/uploads\/2021\/01\/Vollmond-info-13.png\" \/>\n\t<meta property=\"og:image:width\" content=\"500\" \/>\n\t<meta property=\"og:image:height\" content=\"500\" \/>\n\t<meta property=\"og:image:type\" content=\"image\/png\" \/>\n<meta name=\"twitter:card\" content=\"summary_large_image\" \/>\n<meta name=\"twitter:label1\" content=\"Tempo estimado de leitura\" \/>\n\t<meta name=\"twitter:data1\" content=\"2 minutos\" \/>\n<script type=\"application\/ld+json\" class=\"yoast-schema-graph\">{\"@context\":\"https:\\\/\\\/schema.org\",\"@graph\":[{\"@type\":\"WebPage\",\"@id\":\"https:\\\/\\\/auslaenderaemter.com\\\/abschiebung\\\/\",\"url\":\"https:\\\/\\\/auslaenderaemter.com\\\/abschiebung\\\/\",\"name\":\"Abschiebung- Bedeutung, Prozess und Folgen.\",\"isPartOf\":{\"@id\":\"https:\\\/\\\/auslaenderaemter.com\\\/#website\"},\"primaryImageOfPage\":{\"@id\":\"https:\\\/\\\/auslaenderaemter.com\\\/abschiebung\\\/#primaryimage\"},\"image\":{\"@id\":\"https:\\\/\\\/auslaenderaemter.com\\\/abschiebung\\\/#primaryimage\"},\"thumbnailUrl\":\"https:\\\/\\\/auslaenderaemter.com\\\/wp-content\\\/uploads\\\/2021\\\/01\\\/Vollmond-info-13.png\",\"datePublished\":\"2023-06-12T14:51:25+00:00\",\"description\":\"Lernen Sie die Abschiebung im deutschen Ausl\u00e4nderrecht kennen: Definition, Prozess und die erheblichen Auswirkungen auf Betroffene.\",\"breadcrumb\":{\"@id\":\"https:\\\/\\\/auslaenderaemter.com\\\/abschiebung\\\/#breadcrumb\"},\"inLanguage\":\"pt-PT\",\"potentialAction\":[{\"@type\":\"ReadAction\",\"target\":[\"https:\\\/\\\/auslaenderaemter.com\\\/abschiebung\\\/\"]}]},{\"@type\":\"ImageObject\",\"inLanguage\":\"pt-PT\",\"@id\":\"https:\\\/\\\/auslaenderaemter.com\\\/abschiebung\\\/#primaryimage\",\"url\":\"https:\\\/\\\/auslaenderaemter.com\\\/wp-content\\\/uploads\\\/2021\\\/01\\\/Vollmond-info-13.png\",\"contentUrl\":\"https:\\\/\\\/auslaenderaemter.com\\\/wp-content\\\/uploads\\\/2021\\\/01\\\/Vollmond-info-13.png\",\"width\":500,\"height\":500,\"caption\":\"Abschiebung\"},{\"@type\":\"BreadcrumbList\",\"@id\":\"https:\\\/\\\/auslaenderaemter.com\\\/abschiebung\\\/#breadcrumb\",\"itemListElement\":[{\"@type\":\"ListItem\",\"position\":1,\"name\":\"Startseite\",\"item\":\"https:\\\/\\\/auslaenderaemter.com\\\/\"},{\"@type\":\"ListItem\",\"position\":2,\"name\":\"Abschiebung\"}]},{\"@type\":\"WebSite\",\"@id\":\"https:\\\/\\\/auslaenderaemter.com\\\/#website\",\"url\":\"https:\\\/\\\/auslaenderaemter.com\\\/\",\"name\":\"auslaenderaemter.com\",\"description\":\"\",\"publisher\":{\"@id\":\"https:\\\/\\\/auslaenderaemter.com\\\/#organization\"},\"potentialAction\":[{\"@type\":\"SearchAction\",\"target\":{\"@type\":\"EntryPoint\",\"urlTemplate\":\"https:\\\/\\\/auslaenderaemter.com\\\/?s={search_term_string}\"},\"query-input\":{\"@type\":\"PropertyValueSpecification\",\"valueRequired\":true,\"valueName\":\"search_term_string\"}}],\"inLanguage\":\"pt-PT\"},{\"@type\":\"Organization\",\"@id\":\"https:\\\/\\\/auslaenderaemter.com\\\/#organization\",\"name\":\"auslaenderaemter.com\",\"url\":\"https:\\\/\\\/auslaenderaemter.com\\\/\",\"logo\":{\"@type\":\"ImageObject\",\"inLanguage\":\"pt-PT\",\"@id\":\"https:\\\/\\\/auslaenderaemter.com\\\/#\\\/schema\\\/logo\\\/image\\\/\",\"url\":\"https:\\\/\\\/auslaenderaemter.com\\\/wp-content\\\/uploads\\\/2021\\\/01\\\/cropped-Vollmond-info-13.png\",\"contentUrl\":\"https:\\\/\\\/auslaenderaemter.com\\\/wp-content\\\/uploads\\\/2021\\\/01\\\/cropped-Vollmond-info-13.png\",\"width\":500,\"height\":117,\"caption\":\"auslaenderaemter.com\"},\"image\":{\"@id\":\"https:\\\/\\\/auslaenderaemter.com\\\/#\\\/schema\\\/logo\\\/image\\\/\"}}]}<\/script>\n<!-- \/ Yoast SEO plugin. -->","yoast_head_json":{"title":"Deporta\u00e7\u00e3o - significado, processo e consequ\u00eancias.","description":"Conhe\u00e7a a deporta\u00e7\u00e3o na lei de imigra\u00e7\u00e3o alem\u00e3: defini\u00e7\u00e3o, processo e o impacto significativo sobre os afetados.","robots":{"index":"index","follow":"follow","max-snippet":"max-snippet:-1","max-image-preview":"max-image-preview:large","max-video-preview":"max-video-preview:-1"},"canonical":"https:\/\/auslaenderaemter.com\/pt\/deportacao\/","og_locale":"pt_PT","og_type":"article","og_title":"Abschiebung- Bedeutung, Prozess und Folgen.","og_description":"Lernen Sie die Abschiebung im deutschen Ausl\u00e4nderrecht kennen: Definition, Prozess und die erheblichen Auswirkungen auf Betroffene.","og_url":"https:\/\/auslaenderaemter.com\/pt\/deportacao\/","og_site_name":"auslaenderaemter.com","og_image":[{"width":500,"height":500,"url":"https:\/\/auslaenderaemter.com\/wp-content\/uploads\/2021\/01\/Vollmond-info-13.png","type":"image\/png"}],"twitter_card":"summary_large_image","twitter_misc":{"Tempo estimado de leitura":"2 minutos"},"schema":{"@context":"https:\/\/schema.org","@graph":[{"@type":"WebPage","@id":"https:\/\/auslaenderaemter.com\/abschiebung\/","url":"https:\/\/auslaenderaemter.com\/abschiebung\/","name":"Deporta\u00e7\u00e3o - significado, processo e consequ\u00eancias.","isPartOf":{"@id":"https:\/\/auslaenderaemter.com\/#website"},"primaryImageOfPage":{"@id":"https:\/\/auslaenderaemter.com\/abschiebung\/#primaryimage"},"image":{"@id":"https:\/\/auslaenderaemter.com\/abschiebung\/#primaryimage"},"thumbnailUrl":"https:\/\/auslaenderaemter.com\/wp-content\/uploads\/2021\/01\/Vollmond-info-13.png","datePublished":"2023-06-12T14:51:25+00:00","description":"Conhe\u00e7a a deporta\u00e7\u00e3o na lei de imigra\u00e7\u00e3o alem\u00e3: defini\u00e7\u00e3o, processo e o impacto significativo sobre os afetados.","breadcrumb":{"@id":"https:\/\/auslaenderaemter.com\/abschiebung\/#breadcrumb"},"inLanguage":"pt-PT","potentialAction":[{"@type":"ReadAction","target":["https:\/\/auslaenderaemter.com\/abschiebung\/"]}]},{"@type":"ImageObject","inLanguage":"pt-PT","@id":"https:\/\/auslaenderaemter.com\/abschiebung\/#primaryimage","url":"https:\/\/auslaenderaemter.com\/wp-content\/uploads\/2021\/01\/Vollmond-info-13.png","contentUrl":"https:\/\/auslaenderaemter.com\/wp-content\/uploads\/2021\/01\/Vollmond-info-13.png","width":500,"height":500,"caption":"Abschiebung"},{"@type":"BreadcrumbList","@id":"https:\/\/auslaenderaemter.com\/abschiebung\/#breadcrumb","itemListElement":[{"@type":"ListItem","position":1,"name":"Startseite","item":"https:\/\/auslaenderaemter.com\/"},{"@type":"ListItem","position":2,"name":"Abschiebung"}]},{"@type":"WebSite","@id":"https:\/\/auslaenderaemter.com\/#website","url":"https:\/\/auslaenderaemter.com\/","name":"auslaenderaemter. com","description":"","publisher":{"@id":"https:\/\/auslaenderaemter.com\/#organization"},"potentialAction":[{"@type":"SearchAction","target":{"@type":"EntryPoint","urlTemplate":"https:\/\/auslaenderaemter.com\/?s={search_term_string}"},"query-input":{"@type":"PropertyValueSpecification","valueRequired":true,"valueName":"search_term_string"}}],"inLanguage":"pt-PT"},{"@type":"Organization","@id":"https:\/\/auslaenderaemter.com\/#organization","name":"auslaenderaemter. com","url":"https:\/\/auslaenderaemter.com\/","logo":{"@type":"ImageObject","inLanguage":"pt-PT","@id":"https:\/\/auslaenderaemter.com\/#\/schema\/logo\/image\/","url":"https:\/\/auslaenderaemter.com\/wp-content\/uploads\/2021\/01\/cropped-Vollmond-info-13.png","contentUrl":"https:\/\/auslaenderaemter.com\/wp-content\/uploads\/2021\/01\/cropped-Vollmond-info-13.png","width":500,"height":117,"caption":"auslaenderaemter.com"},"image":{"@id":"https:\/\/auslaenderaemter.com\/#\/schema\/logo\/image\/"}}]}},"_links":{"self":[{"href":"https:\/\/auslaenderaemter.com\/pt\/wp-json\/wp\/v2\/pages\/4050","targetHints":{"allow":["GET"]}}],"collection":[{"href":"https:\/\/auslaenderaemter.com\/pt\/wp-json\/wp\/v2\/pages"}],"about":[{"href":"https:\/\/auslaenderaemter.com\/pt\/wp-json\/wp\/v2\/types\/page"}],"author":[{"embeddable":true,"href":"https:\/\/auslaenderaemter.com\/pt\/wp-json\/wp\/v2\/users\/1"}],"replies":[{"embeddable":true,"href":"https:\/\/auslaenderaemter.com\/pt\/wp-json\/wp\/v2\/comments?post=4050"}],"version-history":[{"count":0,"href":"https:\/\/auslaenderaemter.com\/pt\/wp-json\/wp\/v2\/pages\/4050\/revisions"}],"wp:featuredmedia":[{"embeddable":true,"href":"https:\/\/auslaenderaemter.com\/pt\/wp-json\/wp\/v2\/media\/9"}],"wp:attachment":[{"href":"https:\/\/auslaenderaemter.com\/pt\/wp-json\/wp\/v2\/media?parent=4050"}],"curies":[{"name":"wp","href":"https:\/\/api.w.org\/{rel}","templated":true}]}}

deportação

<p>A deportação é uma parte importante da lei de imigração alemã e tem um impacto significativo na vida das pessoas afetadas.</p>
<h2>O que é uma deportação?</h2>
<p>A deportação é um ato administrativo pelo qual um estrangeiro em situação irregular na Alemanha ou cuja permanência legal tenha terminado é forçado a deixar o país. A deportação será realizada pelo <a href="https://auslaenderaemter.com/pt/">Autoridade de estrangeiros</a> ordenado e executado pela polícia.</p>
<h2>O processo de deportação</h2>
<p>O processo de deportação segue algumas etapas:</p>
<ol>
<li><strong>Decisão de expulsão ou indeferimento do pedido de asilo:</strong> Antes da deportação, uma decisão de expulsão deve ter sido tomada ou um pedido de asilo rejeitado.</li>
<li><strong>ordem de deportação:</strong> A autoridade de estrangeiros emite uma ordem de expulsão em que o interessado é convidado a deixar o país dentro de um determinado período de tempo.</li>
<li><strong>Implementação da deportação:</strong> Se o interessado não sair do país dentro do prazo estabelecido, a polícia pode proceder à deportação.</li>
</ol>
<h2>consequências da deportação</h2>
<p>Uma deportação tem consequências significativas para a pessoa em questão:</p>
<ol>
<li><strong>Proibição de devolução:</strong> Como regra, uma proibição de entrada e residência é emitida juntamente com a deportação. Isso significa que a pessoa deportada não pode retornar à Alemanha por um determinado período de tempo.</li>
<li><strong>Custos de deportação:</strong> Em regra, os custos da deportação devem ser suportados pelo deportado.</li>
<li><strong>Efeitos sociais e psicológicos:</strong> A deportação pode ter um impacto social e psicológico significativo na pessoa em questão, especialmente se ela estiver radicada na Alemanha ou tiver que retornar ao seu país de origem, onde poderá enfrentar perseguições ou privações.</li>
</ol>
<h2>Conclusão</h2>
<p>A deportação é um meio eficaz de garantir o cumprimento da lei de imigração alemã. Ao mesmo tempo, tem um impacto significativo sobre os indivíduos envolvidos. Portanto, é importante que os estrangeiros residentes na Alemanha conheçam seus direitos e obrigações e procurem aconselhamento jurídico, se necessário.</p>

<p>A deportação é uma parte importante da lei de imigração alemã e tem um impacto significativo na vida das pessoas afetadas. O que é deportação? A deportação é um ato administrativo em que um estrangeiro que se encontra ilegalmente na Alemanha ou cuja permanência legal foi encerrada é forçado a deixar o país. A deportação é realizada pelo…&nbsp;<a href="https://auslaenderaemter.com/pt/deportacao/" rel="bookmark">Leia mais »<span class="screen-reader-text">deportação</span></a></p>

<!-- This site is optimized with the Yoast SEO plugin v27.5 - https://yoast.com/product/yoast-seo-wordpress/ -->
<title>Abschiebung- Bedeutung, Prozess und Folgen.</title>
<meta name="description" content="Lernen Sie die Abschiebung im deutschen Ausländerrecht kennen: Definition, Prozess und die erheblichen Auswirkungen auf Betroffene." />
<meta name="robots" content="index, follow, max-snippet:-1, max-image-preview:large, max-video-preview:-1" />
<link rel="canonical" href="https://auslaenderaemter.com/pt/deportacao/" />
<meta property="og:locale" content="pt_PT" />
<meta property="og:type" content="article" />
<meta property="og:title" content="Abschiebung- Bedeutung, Prozess und Folgen." />
<meta property="og:description" content="Lernen Sie die Abschiebung im deutschen Ausländerrecht kennen: Definition, Prozess und die erheblichen Auswirkungen auf Betroffene." />
<meta property="og:url" content="https://auslaenderaemter.com/pt/deportacao/" />
<meta property="og:site_name" content="auslaenderaemter.com" />
<meta property="og:image" content="https://auslaenderaemter.com/wp-content/uploads/2021/01/Vollmond-info-13.png" />
	<meta property="og:image:width" content="500" />
	<meta property="og:image:height" content="500" />
	<meta property="og:image:type" content="image/png" />
<meta name="twitter:card" content="summary_large_image" />
<meta name="twitter:label1" content="Tempo estimado de leitura" />
	<meta name="twitter:data1" content="2 minutos" />
<script type="application/ld+json" class="yoast-schema-graph">{"@context":"https:\/\/schema.org","@graph":[{"@type":"WebPage","@id":"https:\/\/auslaenderaemter.com\/abschiebung\/","url":"https:\/\/auslaenderaemter.com\/abschiebung\/","name":"Abschiebung- Bedeutung, Prozess und Folgen.","isPartOf":{"@id":"https:\/\/auslaenderaemter.com\/#website"},"primaryImageOfPage":{"@id":"https:\/\/auslaenderaemter.com\/abschiebung\/#primaryimage"},"image":{"@id":"https:\/\/auslaenderaemter.com\/abschiebung\/#primaryimage"},"thumbnailUrl":"https:\/\/auslaenderaemter.com\/wp-content\/uploads\/2021\/01\/Vollmond-info-13.png","datePublished":"2023-06-12T14:51:25+00:00","description":"Lernen Sie die Abschiebung im deutschen Ausländerrecht kennen: Definition, Prozess und die erheblichen Auswirkungen auf Betroffene.","breadcrumb":{"@id":"https:\/\/auslaenderaemter.com\/abschiebung\/#breadcrumb"},"inLanguage":"pt-PT","potentialAction":[{"@type":"ReadAction","target":["https:\/\/auslaenderaemter.com\/abschiebung\/"]}]},{"@type":"ImageObject","inLanguage":"pt-PT","@id":"https:\/\/auslaenderaemter.com\/abschiebung\/#primaryimage","url":"https:\/\/auslaenderaemter.com\/wp-content\/uploads\/2021\/01\/Vollmond-info-13.png","contentUrl":"https:\/\/auslaenderaemter.com\/wp-content\/uploads\/2021\/01\/Vollmond-info-13.png","width":500,"height":500,"caption":"Abschiebung"},{"@type":"BreadcrumbList","@id":"https:\/\/auslaenderaemter.com\/abschiebung\/#breadcrumb","itemListElement":[{"@type":"ListItem","position":1,"name":"Startseite","item":"https:\/\/auslaenderaemter.com\/"},{"@type":"ListItem","position":2,"name":"Abschiebung"}]},{"@type":"WebSite","@id":"https:\/\/auslaenderaemter.com\/#website","url":"https:\/\/auslaenderaemter.com\/","name":"auslaenderaemter.com","description":"","publisher":{"@id":"https:\/\/auslaenderaemter.com\/#organization"},"potentialAction":[{"@type":"SearchAction","target":{"@type":"EntryPoint","urlTemplate":"https:\/\/auslaenderaemter.com\/?s={search_term_string}"},"query-input":{"@type":"PropertyValueSpecification","valueRequired":true,"valueName":"search_term_string"}}],"inLanguage":"pt-PT"},{"@type":"Organization","@id":"https:\/\/auslaenderaemter.com\/#organization","name":"auslaenderaemter.com","url":"https:\/\/auslaenderaemter.com\/","logo":{"@type":"ImageObject","inLanguage":"pt-PT","@id":"https:\/\/auslaenderaemter.com\/#\/schema\/logo\/image\/","url":"https:\/\/auslaenderaemter.com\/wp-content\/uploads\/2021\/01\/cropped-Vollmond-info-13.png","contentUrl":"https:\/\/auslaenderaemter.com\/wp-content\/uploads\/2021\/01\/cropped-Vollmond-info-13.png","width":500,"height":117,"caption":"auslaenderaemter.com"},"image":{"@id":"https:\/\/auslaenderaemter.com\/#\/schema\/logo\/image\/"}}]}</script>
<!-- / Yoast SEO plugin. -->

Deportação - significado, processo e consequências.

Conheça a deportação na lei de imigração alemã: definição, processo e o impacto significativo sobre os afetados.

Lernen Sie die Abschiebung im deutschen Ausländerrecht kennen: Definition, Prozess und die erheblichen Auswirkungen auf Betroffene.
